3/2*(3378/9 + 0/31) is divided by 184?
11
Let a(k) = k. Let c be a(3). Let q(w) = 4*w**2 + 3*w + 1. Let i be q(c). What is the remainder when 1311/i*8/6 is divided by 13?
12
Let g be (4 - (-2 + -2 - -11)) + 3. Let w(h) = 12*h + 52. Calculate the remainder when w(g) is divided by 28.
24
Suppose 2*p - 14 = -4*l - 0*p, p - 9 = -3*l. Let b be (-149)/(l*3/(-6)). Suppose -5*n + 151 = -b. Calculate the remainder when n is divided by 31.
29
Let n = 106649 + -106580. Suppose -2*z - 9 = -3*z. What is the remainder when n is divided by z?
6
Suppose 38 = -3*s + 22*s. Suppose 0 = s*k - 3*w - 24, 4*w = 5*k - w - 60. What is the remainder when k is divided by 8?
4
Let c(q) = 3*q**2 - 27*q + 14. Let i(m) = -1. Let u(b) = -c(b) - 3*i(b). Let s be u(8). Suppose 7*y + 192 = s*y. What is the remainder when 90 is divided by y?
26
Suppose 0 = -3*i + 49 + 23. Suppose -3*a + 428 - 383 = 0. Calculate the remainder when i is divided by a.
9
Let b = -698 - -733. Let r(c) = 17*c**3 + c**2 - 1. Let t = -7 + 9. What is the remainder when r(t) is divided by b?
34
Suppose 130*u + 6880 = 32003 + 35717. Calculate the remainder when u is divided by 137.
57
Suppose 0 = 134*b - 86983 + 2563. What is the remainder when b is divided by 318?
312
Let n = -1805 + 2326. Calculate the remainder when n is divided by 175.
171
Let g(c) = 4*c**3 + 205*c**2 + 72*c - 14. Calculate the remainder when g(-50) is divided by 11.
9
Let r(p) = p**3 - 7*p**2 + 4*p + 7. Let l = 365 - 191. Calculate the remainder when l is divided by r(7).
34
Let b(w) = -w**2 + 4*w + 25. Let m be b(-6). Calculate the remainder when m/(70/(-264)) - (0 + -1) is divided by 8.
5
Let l(c) = 4*c + 1. Let j be l(1). Let d be 6/(-2*(j - 4)) - -7. Suppose z - d = -3. What is the remainder when 3 is divided by z?
0
Let y = -4257 + 4908. What is the remainder when y is divided by 636?
15
Let y(d) = d**3 + 10*d**2 - 28*d + 11. Let s be y(-14). Let b = -375 - s. Calculate the remainder when 17 is divided by b.
5
Let u = 11292 - 11258. What is the remainder when 14346 is divided by u?
32
Suppose -124*i + 134*i = 860. What is the remainder when 203 is divided by i?
31
What is the remainder when (-469)/(-35) + 2/(-5) is divided by 6 + 6 + -9 - 1?
1
Suppose 1 - 7 = 2*x. Calculate the remainder when (-4 - (0 - -1))/((-1)/13) is divided by 4/(x + 15)*51.
14
Let k = 7360 + -7304. What is the remainder when k is divided by 17?
5
Calculate the remainder when 669 is divided by -1 + 595/30 - (236/24 + -10).
4
Let x(c) = c + 35. Let s be x(-28). Suppose 3*b = -5*m + 202, -2*m + s*m = 3*b + 208. Calculate the remainder when 112 is divided by m.
30
Suppose 0*v + 3324 = 5*v + 4*u, -5*v + 3316 = -4*u. Calculate the remainder when v is divided by 35.
34
Let z(i) be the first derivative of i**4/4 + 5*i**3/3 - 8*i**2 - 47*i - 13. Calculate the remainder when 51 is divided by z(-6).
12
Let l be (-2 + 4)*4*-1. Let a be (-4 - -1) + -7 + l. What is the remainder when (9/a)/(1/(-16)) is divided by 5?
3
Let q be 4 + 7/((-21)/6). Suppose -q*c - 6*c = -120. Calculate the remainder when 176 is divided by c.
11
Let x = 183 + -103. What is the remainder when x is divided by (-1)/(-4) + (657/140 - 88/(-1540))?
0
Let o = -5010 + 5249. Calculate the remainder when 713 is divided by o.
235
Let h(x) = 3*x**3 - 17*x**2 + 13*x - 10. What is the remainder when h(8) is divided by 268?
6
Let i(c) = -27*c + 92. Let n(l) = 108*l - 369. Let v(f) = -21*i(f) - 5*n(f). Calculate the remainder when v(5) is divided by 35.
13
Let k(q) = q**3 - 42*q**2 + 43*q - 80. Let s be k(41). Let w(i) = 5*i**3 - i**2 - 3*i + 1. What is the remainder when 48 is divided by w(s)?
17
Suppose -y + 3*r = 9, 0 = 3*y - 4*r + 12 - 5. Suppose 3*k = -z - k + 24, -2*z + y*k = -4. What is the remainder when 28 is divided by z?
4
Let v(o) = 11*o**3 - 3*o**2 - o + 3. Let j = 114 + -40. Suppose 4*s - 2*s - j = 0. Calculate the remainder when s is divided by v(1).
7
Suppose 32*q - 2*t = 29*q + 164, 5*q = 3*t + 275. Calculate the remainder when 4695 is divided by q.
55
Let z(h) = -h + 135. What is the remainder when z(0) is divided by (-64)/3*(-49 - (-3990)/84)?
7
Let u = 383 + -265. Let d = u - 42. What is the remainder when d is divided by 3?
1
Suppose 5*s - 10 = 100. Let p be -114 + (-4)/16*0. What is the remainder when s is divided by ((-2)/(-3))/(p/(-54) - 2)?
4
Let m = -33 - -35. Suppose 2*d + m*z - 412 = -2*d, -3*d + 307 = z. Let c = 32 + -15. Calculate the remainder when d is divided by c.
16
Let a(x) = -x**2 + 7*x + 19. Let m be a(6). Suppose -2*v = 2*t - 62, v - 21*t - m = -20*t. Calculate the remainder when v is divided by 216/21 - (-2)/(-7).
8
Let p(y) = y**3 + 21*y**2 - 49*y - 20. Suppose -26 = v - 12*z + 13*z, 4*v - 2*z + 86 = 0. What is the remainder when p(v) is divided by 16?
1
Let p = 58 + -54. Suppose -p*g + 95 + 313 = 0. Suppose -4*h = -5*f - g - 28, 3*f + 169 = 5*h. Calculate the remainder when h is divided by 10.
5
Let p = 2 - 21. Let t(v) = -16*v - 246. What is the remainder when 173 is divided by t(p)?
57
Let q = -127 + 207. What is the remainder when 3 + 2848/q + (-4)/(-10) is divided by 5?
4
What is the remainder when (-2190)/(-1) - 3 - (-528)/(-132) is divided by 13?
12
Let a = 4209 + -4107. What is the remainder when 3568 is divided by a?
100
Let n be (-2198)/6 - 18/(-135)*-5. Let r = -172 - n. Calculate the remainder when r is divided by 46.
11
Suppose -891 = 4*z - 3331. What is the remainder when z is divided by 128?
98
Let w be 1*(3/8 + (-472)/64). What is the remainder when 314 is divided by 12/(-8)*(-2)/(-3)*w?
6
Let m = -244 + 67. Let l = 181 + m. Calculate the remainder when l is divided by 2.
0
Suppose 0 = 72*z - 71*z - 5*h - 222, -3*z = -3*h - 702. What is the remainder when z is divided by 10?
7
Let l = -93 - -92. Let h be l/((-4)/(-6)*11/(-22)). What is the remainder when 45 is divided by 5 + 0 + h - (1 - -1)?
3
Let y = -10 + 22. Suppose -s + 5 = -2. Suppose -16*q + 504 = -s*q. Calculate the remainder when q is divided by y.
8
What is the remainder when 12/2*150/90*162/60 is divided by 19?
8
Suppose m = -5*i + 7, -4*m + 3 = i - 6. Suppose -5*l - 40 = -5*k + 20, -m*l - 39 = -3*k. Calculate the remainder when 129 is divided by k.
9
Let b(p) = 55*p**2 + 4*p + 3. Let k be (-6)/30 - (-12)/(-15). Let a be b(k). Let f = a - 26. What is the remainder when 110 is divided by f?
26
Let p = 14457 + -14434. What is the remainder when 5562 is divided by p?
19
Suppose -2107*u - 118 = -2109*u. Calculate the remainder when 457 is divided by u.
44
Suppose -4*i = -4*h, -3*i - 3*h + 32 = 2*i. Suppose 7 = -o - 5*c + 47, 280 = i*o - 4*c. Let d = o - 61. What is the remainder when 13 is divided by d?
1
Let j(d) = 553*d - 360. Calculate the remainder when j(4) is divided by 51.
16
Let f(m) = 5*m**3 + m**2 - 3*m + 6*m - 4*m. Calculate the remainder when -32*(39/104)/(-1) is divided by f(1).
2
Let r(g) = -g**2 + 12*g - 24. Let m be (30/(-40))/(2/(-32)). Suppose -19 + m = -u. Calculate the remainder when 18 is divided by r(u).
7
Suppose 3*r + 1017 = 2*q, -4*q + 2*r + 988 = -1042. Suppose 1274 = 13*s + q. What is the remainder when s is divided by 22?
15
Let x(d) = d**3 + 6*d**2 + d - 20. Let h be x(-5). Suppose 19*q - 20*q + 30 = h. Calculate the remainder when q is divided by 11.
8
Suppose 0 = -399*i + 394*i + 2*y + 21689, 3*i - 4*y = 13019. Calculate the remainder when i is divided by 42.
11
Suppose 26774 = -48*c + 59*c. What is the remainder when c is divided by 9?
4
Suppose -4*y + 126 = -2*y. Let w = 481511 - 481302. What is the remainder when w is divided by y?
20
Suppose 2*f = -5*w - 807, -827 = 5*w - 14*f + 11*f. Let c = -137 - w. Let q = 11 - 3. Calculate the remainder when c is divided by q.
2
Suppose 4*o - 33 = -5*l, -4*o = -54*l + 49*l + 17. Suppose -o*f + g = -398, 11*f - 9*f + 3*g = 390. What is the remainder when f is divided by 69?
60
Suppose 2*y - 396 = -3*x, 4*x + 2*y - 508 = 6*y. Suppose -z + x = 4*z. Let q = 100 + -53. Calculate the remainder when q is divided by z.
21
Let i(f) = f + 15. Let g = -49 - -52. Suppose g*c = 4*h - 12, 0 = 4*h - 2*c - 17 + 1. What is the remainder when 37 is divided by i(h)?
16
Suppose -7*z = -2*z - 15. Suppose 2*x - z = 3. Suppose j - 5 = -2*c + 5, x*j = 2*c + 62. Calculate the remainder when j is divided by 5.
3
Let q = 287 - 284. Suppose -5*x -